{"id":2420,"date":"2026-01-22T18:43:59","date_gmt":"2026-01-22T21:43:59","guid":{"rendered":"https:\/\/www.seplan.sc.gov.br\/eproc\/?page_id=2420"},"modified":"2026-01-22T18:45:10","modified_gmt":"2026-01-22T21:45:10","slug":"biblioteca-de-midias","status":"publish","type":"page","link":"https:\/\/www.seplan.sc.gov.br\/eproc\/institucional\/biblioteca-de-midias\/","title":{"rendered":"Biblioteca de M\u00eddias"},"content":{"rendered":"\t\t<div data-elementor-type=\"wp-page\" data-elementor-id=\"2420\" class=\"elementor elementor-2420\" data-elementor-settings=\"{&quot;ha_cmc_init_switcher&quot;:&quot;no&quot;}\">\n\t\t\t\t<div class=\"elementor-element elementor-element-fc31d71 e-flex e-con-boxed e-con e-parent\" data-id=\"fc31d71\" data-element_type=\"container\" data-e-type=\"container\" data-settings=\"{&quot;background_background&quot;:&quot;classic&quot;}\">\n\t\t\t\t\t<div class=\"e-con-inner\">\n\t\t\t\t<div class=\"elementor-element elementor-element-157be22 elementor-widget__width-initial elementor-widget-mobile__width-inherit elementor-widget-mobile_extra__width-initial elementor-widget elementor-widget-image-box\" data-id=\"157be22\" data-element_type=\"widget\" data-e-type=\"widget\" data-widget_type=\"image-box.default\">\n\t\t\t\t<div class=\"elementor-widget-container\">\n\t\t\t\t\t<div class=\"elementor-image-box-wrapper\"><div class=\"elementor-image-box-content\"><h3 class=\"elementor-image-box-title\">Voc\u00ea est\u00e1 em <\/h3><p class=\"elementor-image-box-description\">Biblioteca de M\u00eddias<\/p><\/div><\/div>\t\t\t\t<\/div>\n\t\t\t\t<\/div>\n\t\t\t\t\t<\/div>\n\t\t\t\t<\/div>\n\t\t<div class=\"elementor-element elementor-element-622ab07 e-flex e-con-boxed e-con e-parent\" data-id=\"622ab07\" data-element_type=\"container\" data-e-type=\"container\" data-settings=\"{&quot;background_background&quot;:&quot;classic&quot;}\">\n\t\t\t\t\t<div class=\"e-con-inner\">\n\t\t\t\t<div class=\"elementor-element elementor-element-c7bdece elementor-widget elementor-widget-hfe-breadcrumbs-widget\" data-id=\"c7bdece\" data-element_type=\"widget\" data-e-type=\"widget\" data-widget_type=\"hfe-breadcrumbs-widget.default\">\n\t\t\t\t<div class=\"elementor-widget-container\">\n\t\t\t\t\t<nav aria-label=\"Breadcrumb\"><ul class=\"hfe-breadcrumbs hfe-breadcrumbs-show-home\"><li class=\"hfe-breadcrumbs-item hfe-breadcrumbs-first\"><span class=\"hfe-breadcrumbs-home-icon\"><i aria-hidden=\"true\" class=\"icon icon-home\"><\/i><\/span><a href=\"https:\/\/www.seplan.sc.gov.br\/eproc\"><span class=\"hfe-breadcrumbs-text\">In\u00edcio<\/span><\/a><\/li><\/ul><\/nav>\t\t\t\t<\/div>\n\t\t\t\t<\/div>\n\t\t\t\t\t<\/div>\n\t\t\t\t<\/div>\n\t\t\t\t<\/div>\n\t\t","protected":false},"excerpt":{"rendered":"<p>Voc\u00ea est\u00e1 em Biblioteca de M\u00eddias In\u00edcio<\/p>\n","protected":false},"author":2,"featured_media":0,"parent":1136,"menu_order":0,"comment_status":"closed","ping_status":"closed","template":"elementor_canvas","meta":{"footnotes":""},"class_list":["post-2420","page","type-page","status-publish","hentry"],"_links":{"self":[{"href":"https:\/\/www.seplan.sc.gov.br\/eproc\/wp-json\/wp\/v2\/pages\/2420","targetHints":{"allow":["GET"]}}],"collection":[{"href":"https:\/\/www.seplan.sc.gov.br\/eproc\/wp-json\/wp\/v2\/pages"}],"about":[{"href":"https:\/\/www.seplan.sc.gov.br\/eproc\/wp-json\/wp\/v2\/types\/page"}],"author":[{"embeddable":true,"href":"https:\/\/www.seplan.sc.gov.br\/eproc\/wp-json\/wp\/v2\/users\/2"}],"replies":[{"embeddable":true,"href":"https:\/\/www.seplan.sc.gov.br\/eproc\/wp-json\/wp\/v2\/comments?post=2420"}],"version-history":[{"count":4,"href":"https:\/\/www.seplan.sc.gov.br\/eproc\/wp-json\/wp\/v2\/pages\/2420\/revisions"}],"predecessor-version":[{"id":2427,"href":"https:\/\/www.seplan.sc.gov.br\/eproc\/wp-json\/wp\/v2\/pages\/2420\/revisions\/2427"}],"up":[{"embeddable":true,"href":"https:\/\/www.seplan.sc.gov.br\/eproc\/wp-json\/wp\/v2\/pages\/1136"}],"wp:attachment":[{"href":"https:\/\/www.seplan.sc.gov.br\/eproc\/wp-json\/wp\/v2\/media?parent=2420"}],"curies":[{"name":"wp","href":"https:\/\/api.w.org\/{rel}","templated":true}]}}